en 70 is divided by 13?
5
What is the remainder when 37 is divided by 22?
15
What is the remainder when 26 is divided by 9?
8
What is the remainder when 7415 is divided by 18?
17
Calculate the remainder when 208 is divided by 11.
10
What is the remainder when 116 is divided by 51?
14
What is the remainder when 188 is divided by 58?
14
What is the remainder when 29 is divided by 9?
2
Calculate the remainder when 59 is divided by 16.
11
Calculate the remainder when 398 is divided by 24.
14
What is the remainder when 6614 is divided by 35?
34
Calculate the remainder when 2747 is divided by 51.
44
What is the remainder when 533 is divided by 265?
3
What is the remainder when 1821 is divided by 152?
149
What is the remainder when 6213 is divided by 283?
270
Calculate the remainder when 873 is divided by 861.
12
Calculate the remainder when 2842 is divided by 23.
13
Calculate the remainder when 3449 is divided by 108.
101
What is the remainder when 1381 is divided by 99?
94
Calculate the remainder when 218 is divided by 123.
95
Calculate the remainder when 1103 is divided by 79.
76
What is the remainder when 114 is divided by 64?
50
What is the remainder when 246 is divided by 72?
30
What is the remainder when 900 is divided by 101?
92
What is the remainder when 90 is divided by 38?
14
What is the remainder when 780 is divided by 210?
150
Calculate the remainder when 537 is divided by 10.
7
What is the remainder when 135 is divided by 14?
9
Calculate the remainder when 329 is divided by 107.
8
What is the remainder when 65 is divided by 21?
2
Calculate the remainder when 161 is divided by 75.
11
What is the remainder when 769 is divided by 35?
34
Calculate the remainder when 804 is divided by 268.
0
What is the remainder when 89 is divided by 47?
42
What is the remainder when 7461 is divided by 24?
21
What is the remainder when 503 is divided by 28?
27
What is the remainder when 3028 is divided by 603?
13
What is the remainder when 22 is divided by 13?
9
Calculate the remainder when 16 is divided by 5.
1
What is the remainder when 36 is divided by 17?
2
Calculate the remainder when 261 is divided by 10.
1
Calculate the remainder when 1003 is divided by 125.
3
Calculate the remainder when 315 is divided by 40.
35
What is the remainder when 288 is divided by 49?
43
What is the remainder when 6278 is divided by 11?
8
What is the remainder when 327 is divided by 300?
27
Calculate the remainder when 120 is divided by 52.
16
Calculate the remainder when 266 is divided by 30.
26
What is the remainder when 152 is divided by 16?
8
Calculate the remainder when 1589 is divided by 490.
119
What is the remainder when 9999 is divided by 3332?
3
Calculate the remainder when 172 is divided by 102.
70
What is the remainder when 2391 is divided by 5?
1
What is the remainder when 1465 is divided by 184?
177
What is the remainder when 2088 is divided by 131?
123
What is the remainder when 201 is divided by 7?
5
What is the remainder when 248 is divided by 126?
122
Calculate the remainder when 282 is divided by 93.
3
Calculate the remainder when 206 is divided by 23.
22
What is the remainder when 819 is divided by 137?
134
Calculate the remainder when 216 is divided by 68.
12
What is the remainder when 236 is divided by 61?
53
Calculate the remainder when 327 is divided by 119.
89
Calculate the remainder when 2032 is divided by 157.
148
Calculate the remainder when 254 is divided by 15.
14
Calculate the remainder when 101 is divided by 61.
40
Calculate the remainder when 126 is divided by 26.
22
What is the remainder when 284 is divided by 9?
5
What is the remainder when 91 is divided by 29?
4
Calculate the remainder when 134 is divided by 49.
36
Calculate the remainder when 594 is divided by 14.
6
Calculate the remainder when 369 is divided by 83.
37
Calculate the remainder when 4206 is divided by 61.
58
Calculate the remainder when 9611 is divided by 506.
503
Calculate the remainder when 674 is divided by 222.
8
What is the remainder when 18971 is divided by 279?
278
Calculate the remainder when 375 is divided by 181.
13
Calculate the remainder when 350 is divided by 44.
42
What is the remainder when 8191 is divided by 16?
15
Calculate the remainder when 58 is divided by 8.
2
Calculate the remainder when 91 is divided by 30.
1
Calculate the remainder when 360 is divided by 13.
9
Calculate the remainder when 407 is divided by 36.
11
What is the remainder when 3596 is divided by 100?
96
What is the remainder when 1145 is divided by 572?
1
What is the remainder when 427 is divided by 208?
11
Calculate the remainder when 711 is divided by 12.
3
What is the remainder when 2806 is divided by 1402?
2
What is the remainder when 69 is divided by 35?
34
Calculate the remainder when 1276 is divided by 32.
28
Calculate the remainder when 78 is divided by 75.
3
What is the remainder when 1376 is divided by 22?
12
Calculate the remainder when 2897 is divided by 241.
5
Calculate the remainder when 115 is divided by 59.
56
What is the remainder when 137 is divided by 14?
11
Calculate the remainder when 248 is divided by 44.
28
What is the remainder when 25917 is divided by 96?
93
Calculate the remainder when 658 is divided by 489.
169
What is the remainder when 4110 is divided by 1019?
34
Calculate the remainder when 2 is divided by 2.
0
What is the remainder when 726 is divided by 7?
5
Calculate the remainder when 5773 is divided by 76.
73
Calculate the remainder when 105 is divided by 32.
9
Calculate the remainder when 1028 is divided by 5.
3
What is the remainder when 110 is divided by 23?
18
Calculate the remainder when 131 is divided by 25.
6
What is the remainder when 121 is divided by 15?
1
Calculate the remainder when 416 is divided by 72.
56
Calculate the remainder when 344 is divided by 35.
29
What is the remainder when 79 is divided by 65?
14
What is the remainder when 194 is divided by 49?
47
What is the remainder when 639 is divided by 16?
15
What is the remainder when 2466 is divided by 189?
9
What is the remainder when 9139 is divided by 3044?
7
Calculate the remainder when 442 is divided by 111.
109
Calculate the remainder when 232 is divided by 26.
24
Calculate the remainder when 348 is divided by 114.
6
What is the remainder when 5858 is divided by 31?
30
Calculate the remainder when 314 is divided by 61.
9
What is the remainder when 3284 is divided by 173?
170
Calculate the remainder when 3874 is divided by 228.
226
What is the remainder when 285 is divided by 16?
13
Calculate the remainder when 32191 is divided by 73.
71
What is the remainder when 292 is divided by 48?
4
What is the remainder when 543 is divided by 13?
10
What is the remainder when 9547 is divided by 477?
7
What is the remainder when 177 is divided by 15?
12
What is the remainder when 266 is divided by 227?
39
What is the remainder when 448 is divided by 12?
4
What is the remainder when 215 is divided by 54?
53
What is the remainder when 421 is divided by 29?
15
Calculate the remainder when 283 is divided by 13.
10
What is the remainder when 441 is divided by 12?
9
Calculate the remainder when 151 is divided by 51.
49
Calculate the remainder when 246 is divided by 42.
36
What is the remainder when 122 is divided by 41?
40
What is the remainder when 272 is divided by 91?
90
Calculate the remainder when 1319 is divided by 436.
11
What is the remainder when 69 is divided by 15?
9
Calculate the remainder when 95 is divided by 51.
44
What is the remainder when 209 is divided by 10?
9
Calculate the remainder when 3966 is divided by 81.
78
What is the remainder when 41 is divided by 28?
13
What is the remainder when 337 is divided by 85?
82
Calculate the remainder when 67 is divided by 38.
29
What is the remainder when 179 is divided by 43?
7
What is the remainder when 384 is divided by 33?
21
What is the remainder when 447 is divided by 56?
55
Calculate the remainder when 84 is divided by 13.
6
What is the remainder when 659 is divided by 54?
11
Calculate the remainder when 174 is divided by 63.
48
What is the remainder when 540 is divided by 68?
64
What is the remainder when 171 is divided by 24?
3
What is the remainder when 534 is divided by 67?
65
Calculate the remainder when 91 is divided by 56